 f(-9).
-56
Let f(t) = -1224*t - 2458. What is f(-2)?
-10
Let i(x) = x**3 + 2*x**2 + 48*x + 14. Determine i(-5).
-301
Let c(u) = -u**2 - 52*u + 1627. Calculate c(-74).
-1
Let x(b) = b**2 - 26*b - 1152. Give x(49).
-25
Let n(l) = -l**2 - 84*l - 1758. Calculate n(-52).
-94
Let a(w) = w**2 + 26*w - 6. Give a(1).
21
Let d(t) = t**2 - 62*t + 747. Determine d(19).
-70
Let k(g) = -54*g + 127. Determine k(2).
19
Let m(w) = -w**3 - 18*w**2 + 12*w - 96. What is m(-19)?
37
Let k(t) = 2*t - 27. What is k(12)?
-3
Let c(r) = 401*r**2 - 2404*r - 11. Determine c(6).
1
Let o(h) = 47*h**3 - 41*h**2 - 80*h + 3. Calculate o(-2).
-377
Let r(q) = 525*q + 11557. Determine r(-22).
7
Let y(i) = -i**3 + 5*i**2 - 7*i + 51. What is y(7)?
-96
Let b(j) = j + 98. Determine b(-6).
92
Let a(q) = -35*q - 30. What is a(0)?
-30
Let n(a) = 6*a + 14. Give n(13).
92
Let h(b) = 2*b - 86. What is h(12)?
-62
Let v(a) = -2*a - 168. Calculate v(37).
-242
Let j(p) = -2*p**2 - 21*p + 14. Give j(-10).
24
Let i(z) = -109*z - 7263. Give i(-67).
40
Let p(h) = -9*h**2 + 836*h + 194. Determine p(93).
101
Let z(a) = -4*a**2 - 489*a - 5290. What is z(-12)?
2
Let t(v) = 2*v**2 + 24*v - 249. Give t(9).
129
Let b(c) = 5*c + 135. What is b(0)?
135
Let a(c) = -2*c**3 - 83*c**2 - 90*c + 1190. Determine a(-40).
-10
Let k(l) = -l**3 - 40*l**2 - 1260*l - 50413. Calculate k(-40).
-13
Let b(g) = -g**3 - 81*g**2 - 708*g + 133. What is b(-71)?
-9
Let u(j) = 9*j - 213. Give u(41).
156
Let r(z) = z**3 + 10*z**2 - 58*z - 27. Give r(-14).
1
Let p(h) = h**3 + 5*h**2 + 597*h + 2968. What is p(-5)?
-17
Let j(b) = 49*b + 210. Give j(-7).
-133
Let a(l) = -3*l**3 - 132*l**2 + 146*l + 456. Give a(-45).
-39
Let y(s) = 12759*s + 12710. What is y(-1)?
-49
Let m(y) = 2*y**3 - 33*y**2 + 26*y - 11. What is m(16)?
149
Let u(r) = -2*r**3 - 50*r**2 + 93*r - 454. Determine u(-27).
-49
Let a(v) = -8*v**3 - 4*v**2 + 357*v + 359. What is a(-1)?
6
Let w(m) = -2*m**3 - 72*m**2 + 77*m + 106. What is w(-37)?
-5
Let y(o) = 6*o**2 - 5*o + 8. Determine y(3).
47
Let h(u) = 2654*u + 18616. Calculate h(-7).
38
Let f(a) = a**3 - 23*a**2 + 160*a - 762. What is f(16)?
6
Let u(i) = 2*i**3 + 9*i**2 - 25*i - 30. Determine u(-6).
12
Let b(x) = x**3 + 6*x**2 - 245*x - 11. Give b(13).
15
Let t(w) = -19*w**3 - w**2 + 3*w - 1. Determine t(1).
-18
Let z(r) = -2*r**2 + 37*r - 114. Calculate z(12).
42
Let z(j) = -590*j + 1184. Determine z(2).
4
Let l(j) = -6*j**3 - 11*j**2 - 19*j - 2. Determine l(-2).
40
Let t(o) = 3*o**3 + 45*o**2 + 69*o - 18. Calculate t(-13).
99
Let t(c) = -6*c**2 + 52*c - 40. Calculate t(6).
56
Let t(a) = a**3 - 14*a**2 + 16*a - 386. Determine t(15).
79
Let k(v) = -14*v**2 + 900*v - 267. What is k(64)?
-11
Let r(w) = -15*w**3 + 4*w**2 - 2*w - 4. Give r(-1).
17
Let h(j) = 5*j**2 + 46*j - 163. Calculate h(-10).
-123
Let z(s) = 2*s**2 - 33*s - 47. Give z(16).
-63
Let o(v) = -2*v**2 - 26*v - 84. What is o(-6)?
0
Let q(x) = 143*x - 301. Determine q(7).
700
Let x(h) = -314*h**3 + h**2 - 58*h + 57. What is x(1)?
-314
Let c(g) = -11*g**2 - 3*g - 19. Give c(-7).
-537
Let i(o) = 38*o - 3091. Determine i(80).
-51
Let j(d) = -2*d**3 - 62*d**2 + 455*d + 85. Determine j(-37).
-322
Let x(i) = 1089*i + 6529. Determine x(-6).
-5
Let d(o) = -6*o**2 + 502*o + 141. Give d(84).
-27
Let t(l) = l**3 + 14*l**2 - 163*l - 16. Give t(6).
-274
Let w(f) = -7*f + 174. Determine w(24).
6
Let x(u) = -u**2 + 42*u - 317. Determine x(33).
-20
Let j(d) = -d**2 - 68*d - 100. Calculate j(-65).
95
Let c(z) = 13*z + 307. Determine c(-14).
125
Let u(k) = -3*k**2 + 1928*k - 39169. Determine u(21).
-4
Let m(v) = 24*v - 94. Give m(4).
2
Let g(x) = 4*x**3 + 27*x**2 + 5*x - 25. Determine g(-6).
53
Let w(k) = k**3 + 9*k**2 + 825*k + 5676. Give w(-7).
-1
Let r(n) = -n**2 + 61*n - 510. Give r(10).
0
Let q(z) = -6*z**2 + 121*z + 226. What is q(22)?
-16
Let h(a) = -116*a - 1053. Determine h(-9).
-9
Let q(h) = h**3 + 6*h**2 + 66*h + 2033. Calculate q(-13).
-8
Let q(p) = -5*p**2 - 2*p - 27. Give q(0).
-27
Let o(z) = -2164*z - 10828. What is o(-5)?
-8
Let p(y) = -y**3 - 11*y**2 - 21*y - 423. Give p(-12).
-27
Let f(o) = -o**3 - 33*o**2 + 25*o + 822. What is f(-33)?
-3
Let h(s) = 5*s**2 + 108*s - 50. What is h(-22)?
-6
Let c(f) = 8972*f - 107668. Give c(12).
-4
Let j(a) = a**2 + 15985*a + 3. Determine j(0).
3
Let i(k) = 9*k - 74. What is i(10)?
16
Let o(w) = -2*w**2 - 265*w - 5795. What is o(-105)?
-20
Let u(d) = -3*d**2 - 84*d + 48. Determine u(10).
-1092
Let g(c) = 119*c - 3917. What is g(33)?
10
Let q(g) = -275*g - 3568. Give q(-13).
7
Let g(i) = i**3 - 24*i**2 + 6*i + 384. What is g(23)?
-7
Let s(z) = 2*z**2 + 152*z + 2499. Give s(-24).
3
Let k(m) = m**3 - 9*m**2 + 13*m - 195. Give k(10).
35
Let z(g) = g**3 + 25*g**2 - 50*g + 90. Calculate z(-27).
-18
Let f(r) = r**2 + 168*r + 5383. Give f(-43).
8
Let h(m) = -m**3 + 45*m**2 - 395*m - 2. Determine h(12).
10
Let y(s) = -2*s**3 - 51*s**2 - 176*s + 275. Calculate y(-21).
2
Let u(m) = -31*m - 7. What is u(-1)?
24
Let n(m) = -114*m**2 - 22*m + 21. Calculate n(1).
-115
Let h(j) = -j**2 - 25*j + 253. What is h(-34)?
-53
Let u(d) = 11*d - 261. Determine u(-33).
-624
Let g(l) = 4*l**2 - 235*l - 37. Give g(58).
-211
Let c(j) = j**3 - 116*j**2 - 229*j - 827. Calculate c(118).
-1
Let l(v) = -v**2 - 33*v - 211. Determine l(-6).
-49
Let n(f) = 330*f + 358. What is n(-1)?
28
Let a(x) = -x**3 + 22*x**2 + 131*x + 74. Calculate a(27).
-34
Let u(k) = -120*k - 119. Give u(5).
-719
Let l(u) = -2*u**2 + 10*u + 1004. Determine l(25).
4
Let l(x) = 2*x**2 + 50*x - 15. What is l(-14)?
-323
Let t(c) = 2*c**3 + 2*c**2 - 129*c - 402. Give t(-3).
-51
Let d(l) = 6*l**3 + 512*l**2 + 166*l - 223. Give d(-85).
117
Let j(k) = k**3 + 5*k**2 - 23*k - 1. Give j(-7).
62
Let z(s) = s**2 - 21*s - 76. Determine z(11).
-186
Let m(o) = 3*o**3 + 30*o**2 + 10. Give m(-10).
10
Let p(x) = 24*x**2 + 6*x - 11. Give p(2).
97
Let h(g) = 104*g - 147. Calculate h(3).
165
Let o(m) = -6*m - 1. Determine o(-8).
47
Let g(x) = x**2 + 27*x - 219. Calculate g(-31).
-95
Let j(r) = -393*r**2 - 6*r + 1. What is j(1)?
-398
Let k(h) = -h**3 - 14*h**2 - 28*h + 2. Determine k(-9).
-151
Let w(g) = 4*g**3 + 575*g**2 + 415*g - 2005. Determine w(-143).
-3
Let a(o) = 2*o**3 - 51*o**2 + 29*o + 62. Calculate a(25).
162
Let g(m) = -6*m**3 + 3*m**2 - 550*m + 548. Determine g(1).
-5
Let f(r) = r**3 + 24*r**2 + 30*r - 54. Calculate f(-23).
-215
Let d(w) = 3*w**2 - 50*w - 199. Give d(20).
1
Let s(q) = -25*q**2 - 22*q + 10. Calculate s(3).
-281
Let r(u) = -2*u**3 - 3*u**2 + 78. Calculate r(0).
78
Let f(h) = -2*h**3 - 29*h**2 - 14*h + 127. What is f(-15)?
562
Let q(r) = -7*r**3 - 215*r**2 + 53*r - 281. Calculate q(-31).
-2
Let i(z) = -19*z + 24. Determine i(-13).
271
Let u(v) = v**3 - 41*v**2 + 186*v + 4. Calculate u(5).
34
Let r(x) = x**3 + 79*x**2 + 1219*x + 57. Determine r(-58).
-1
Let v(o) = o**3 - 31*o**2 - 7*o - 44. What is v(31)?
-261
Let y(t) = 8*t - 90. Calculate y(10).
-10
Let z(b) = -3*b**2 - 18*b + 183. Calculate z(6).
-33
Let n(d) = -2*d - 99. Determine n(-9).
-81
Let m(r) = -41*r - 2363. Give m(-58).
15
Let p(o) = -34*o + 82. What is p(7)?
-156
Let b(n) = -n**3 + 16*n**2 - 8*n - 45. Determine b(16).
-173
Let v(g) = -g**3 + 175*g**2 + 265*g - 15672. Calculate v(176).
-8
Let q(i) = 199*i + 231. What is q(-1)?
32
Let h(i) = -10*i**2 + i + 14. What is h(-1)?
3
Let i(w) = -w**3 - 22*w**2 - 119*w + 4. What is i(-11)?
-18
Let a(s) = -4720*s - 37755. What is a(-8)?
5
Let m(r) = 43*r + 1924. Determine m(-47).
-97
Let q(r) = -223*r + 20756. Calculate q(93).
17
Let m(r) = 253*r - 1261. Give m(5).
4
Let u(z) = -11*z**2 + 30*z + 591. Give u(9).
-30
Let r(f) = 92*f**3 + 20*f**2 - 8*f + 1. Give r(1).
105
Let k(b) = -733*b + 3704. Give k(5).
39
Let q(b) = -5*b**2 + 75*b + 260. Give q(21).
-370
Let z(m) = -4*m**3 - 18*m**2 + 32*m - 20. Calculate z(-6).
4
Let l(a) = 2*a + 131. Determine l(-10).
111
Let f(o) = -143*o + 1174. Calculate f(8).
30
Let y(t) = -t**3 + 21*t**2 + 17*t - 398. Calculate y(21).
-41
Let h(i) = 24*i + 163. Give h(-7).
-5
Let a(r) = 23*r**2 - 603*r + 130. Determine a(26).
0
Let m(j) = -j**3 - 18*j**2 + 19*j + 74. Determine m(-13).
-1018
Let j(b) = b**3 - 38*b**2 + 12*b - 454. What is j(38)?
2
Let v(x) = -x**3 + 8*x**2 - 29*x + 70. What is v(8)?
-162
Let n(d) = -d**3 - 5*d**2 + 8934*d + 53561. Calcu